{"id":2,"date":"2014-10-19T16:10:25","date_gmt":"2014-10-19T16:10:25","guid":{"rendered":"http:\/\/localhost\/?page_id=2"},"modified":"2024-10-20T18:01:49","modified_gmt":"2024-10-20T16:01:49","slug":"przykladowa-strona","status":"publish","type":"page","link":"https:\/\/stroiciel.net\/","title":{"rendered":"O mnie&#8230;"},"content":{"rendered":"\n<p>Strojeniem pianin i fortepian\u00f3w zajmuj\u0119 si\u0119 od ponad 30 lat&#8230;<\/p>\n\n\n\n<div class=\"wp-container-1 wp-block-group\"><div class=\"wp-block-group__inner-container\">\n<div class=\"wp-block-columns\">\n<div class=\"wp-block-column\"><\/div>\n\n\n\n<div class=\"wp-block-column\"><\/div>\n<\/div>\n<\/div><\/div>\n\n\n\n<p class=\"has-text-align-center has-white-color has-text-color\" style=\"font-size:16px\">Telefon kontaktowy<br><\/p>\n\n\n\n<div class=\"wp-block-image is-style-default\"><figure class=\"aligncenter size-full is-resized\"><img loading=\"lazy\" src=\"https:\/\/stroiciel.net\/wp-content\/uploads\/2024\/10\/picturetopeople.org-2ecaf5600fb7c84ddf996d0c56f057bc23b7cdbfecfeac3a35.png\" alt=\"\" class=\"wp-image-475\" width=\"165\" height=\"30\" srcset=\"https:\/\/stroiciel.net\/wp-content\/uploads\/2024\/10\/picturetopeople.org-2ecaf5600fb7c84ddf996d0c56f057bc23b7cdbfecfeac3a35.png 659w, https:\/\/stroiciel.net\/wp-content\/uploads\/2024\/10\/picturetopeople.org-2ecaf5600fb7c84ddf996d0c56f057bc23b7cdbfecfeac3a35-300x54.png 300w\" sizes=\"(max-width: 165px) 100vw, 165px\" \/><\/figure><\/div>\n\n\n\n<p class=\"has-text-align-center has-white-color has-text-color\" style=\"font-size:16px\">Adres E-mail<br><\/p>\n\n\n\n<div class=\"wp-block-image is-style-default\"><figure class=\"aligncenter size-large is-resized\"><img loading=\"lazy\" src=\"https:\/\/stroiciel.net\/wp-content\/uploads\/2024\/10\/picturetopeople.org-4ca2a82d5387c8bc2e87f3bd5584801572a4c8c3edced497d3-1024x155.png\" alt=\"\" class=\"wp-image-474\" width=\"256\" height=\"39\" srcset=\"https:\/\/stroiciel.net\/wp-content\/uploads\/2024\/10\/picturetopeople.org-4ca2a82d5387c8bc2e87f3bd5584801572a4c8c3edced497d3-1024x155.png 1024w, https:\/\/stroiciel.net\/wp-content\/uploads\/2024\/10\/picturetopeople.org-4ca2a82d5387c8bc2e87f3bd5584801572a4c8c3edced497d3-300x45.png 300w, https:\/\/stroiciel.net\/wp-content\/uploads\/2024\/10\/picturetopeople.org-4ca2a82d5387c8bc2e87f3bd5584801572a4c8c3edced497d3-768x116.png 768w, https:\/\/stroiciel.net\/wp-content\/uploads\/2024\/10\/picturetopeople.org-4ca2a82d5387c8bc2e87f3bd5584801572a4c8c3edced497d3.png 1111w\" sizes=\"(max-width: 256px) 100vw, 256px\" \/><\/figure><\/div>\n\n\n\n<p><\/p>\n","protected":false},"excerpt":{"rendered":"<p>Strojeniem pianin i fortepian\u00f3w zajmuj\u0119 si\u0119 od ponad 30 lat&#8230; Telefon kontaktowy Adres E-mail<\/p>\n","protected":false},"author":1,"featured_media":0,"parent":0,"menu_order":0,"comment_status":"open","ping_status":"open","template":"","meta":[],"_links":{"self":[{"href":"https:\/\/stroiciel.net\/index.php?rest_route=\/wp\/v2\/pages\/2"}],"collection":[{"href":"https:\/\/stroiciel.net\/index.php?rest_route=\/wp\/v2\/pages"}],"about":[{"href":"https:\/\/stroiciel.net\/index.php?rest_route=\/wp\/v2\/types\/page"}],"author":[{"embeddable":true,"href":"https:\/\/stroiciel.net\/index.php?rest_route=\/wp\/v2\/users\/1"}],"replies":[{"embeddable":true,"href":"https:\/\/stroiciel.net\/index.php?rest_route=%2Fwp%2Fv2%2Fcomments&post=2"}],"version-history":[{"count":84,"href":"https:\/\/stroiciel.net\/index.php?rest_route=\/wp\/v2\/pages\/2\/revisions"}],"predecessor-version":[{"id":484,"href":"https:\/\/stroiciel.net\/index.php?rest_route=\/wp\/v2\/pages\/2\/revisions\/484"}],"wp:attachment":[{"href":"https:\/\/stroiciel.net\/index.php?rest_route=%2Fwp%2Fv2%2Fmedia&parent=2"}],"curies":[{"name":"wp","href":"https:\/\/api.w.org\/{rel}","templated":true}]}}